[INFO] cloning repository https://github.com/dremon/miniraw
[INFO] running `Command { std: "git" "-c" "credential.helper=" "-c" "credential.helper=/workspace/cargo-home/bin/git-credential-null" "clone" "--bare" "https://github.com/dremon/miniraw" "/workspace/cache/git-repos/https%3A%2F%2Fgithub.com%2Fdremon%2Fminiraw", kill_on_drop: false }`
[INFO] [stderr] Cloning into bare repository '/workspace/cache/git-repos/https%3A%2F%2Fgithub.com%2Fdremon%2Fminiraw'...
[INFO] running `Command { std: "git" "rev-parse" "HEAD", kill_on_drop: false }`
[INFO] [stdout] fe192d9abb261d370ead8d1af2b2f237c26865a9
[INFO] checking dremon/miniraw against master#af3c6e733a40e671550e0f0f5aeecaa13772ba56 for pr-74989
[INFO] running `Command { std: "git" "clone" "/workspace/cache/git-repos/https%3A%2F%2Fgithub.com%2Fdremon%2Fminiraw" "/workspace/builds/worker-0/source", kill_on_drop: false }`
[INFO] [stderr] Cloning into '/workspace/builds/worker-0/source'...
[INFO] [stderr] done.
[INFO] validating manifest of git repo https://github.com/dremon/miniraw on toolchain af3c6e733a40e671550e0f0f5aeecaa13772ba56
[INFO] running `Command { std: "/workspace/cargo-home/bin/cargo" "+af3c6e733a40e671550e0f0f5aeecaa13772ba56" "read-manifest" "--manifest-path" "Cargo.toml", kill_on_drop: false }`
[INFO] removed /workspace/builds/worker-0/source/.cargo/config
[INFO] started tweaking git repo https://github.com/dremon/miniraw
[INFO] finished tweaking git repo https://github.com/dremon/miniraw
[INFO] tweaked toml for git repo https://github.com/dremon/miniraw written to /workspace/builds/worker-0/source/Cargo.toml
[INFO] crate git repo https://github.com/dremon/miniraw already has a lockfile, it will not be regenerated
[INFO] running `Command { std: "/workspace/cargo-home/bin/cargo" "+af3c6e733a40e671550e0f0f5aeecaa13772ba56" "fetch" "--locked" "--manifest-path" "Cargo.toml", kill_on_drop: false }`
[INFO] [stderr]     Blocking waiting for file lock on package cache
[INFO] running `Command { std: "docker" "create" "-v" "/var/lib/crater-agent-workspace/builds/worker-0/target:/opt/rustwide/target:rw,Z" "-v" "/var/lib/crater-agent-workspace/builds/worker-0/source:/opt/rustwide/workdir:ro,Z" "-v" "/var/lib/crater-agent-workspace/cargo-home:/opt/rustwide/cargo-home:ro,Z" "-v" "/var/lib/crater-agent-workspace/rustup-home:/opt/rustwide/rustup-home:ro,Z" "-e" "SOURCE_DIR=/opt/rustwide/workdir" "-e" "CARGO_TARGET_DIR=/opt/rustwide/target" "-e" "CARGO_HOME=/opt/rustwide/cargo-home" "-e" "RUSTUP_HOME=/opt/rustwide/rustup-home" "-w" "/opt/rustwide/workdir" "-m" "1610612736" "--user" "0:0" "--network" "none" "rustops/crates-build-env@sha256:d92eaeed33fa75130ca1ee6c8a01d1ffb62bac859dfdfb3450e3e5d1c0146529" "/opt/rustwide/cargo-home/bin/cargo" "+af3c6e733a40e671550e0f0f5aeecaa13772ba56" "metadata" "--no-deps" "--format-version=1", kill_on_drop: false }`
[INFO] [stdout] 7ebf6c8eb04f0194263ae9178f4d5f672fa04744535d9e0be91133e7146a690a
[INFO] [stderr] WARNING: Your kernel does not support swap limit capabilities or the cgroup is not mounted. Memory limited without swap.
[INFO] running `Command { std: "docker" "start" "-a" "7ebf6c8eb04f0194263ae9178f4d5f672fa04744535d9e0be91133e7146a690a", kill_on_drop: false }`
[INFO] running `Command { std: "docker" "inspect" "7ebf6c8eb04f0194263ae9178f4d5f672fa04744535d9e0be91133e7146a690a", kill_on_drop: false }`
[INFO] running `Command { std: "docker" "rm" "-f" "7ebf6c8eb04f0194263ae9178f4d5f672fa04744535d9e0be91133e7146a690a", kill_on_drop: false }`
[INFO] [stdout] 7ebf6c8eb04f0194263ae9178f4d5f672fa04744535d9e0be91133e7146a690a
[INFO] running `Command { std: "docker" "create" "-v" "/var/lib/crater-agent-workspace/builds/worker-0/target:/opt/rustwide/target:rw,Z" "-v" "/var/lib/crater-agent-workspace/builds/worker-0/source:/opt/rustwide/workdir:ro,Z" "-v" "/var/lib/crater-agent-workspace/cargo-home:/opt/rustwide/cargo-home:ro,Z" "-v" "/var/lib/crater-agent-workspace/rustup-home:/opt/rustwide/rustup-home:ro,Z" "-e" "SOURCE_DIR=/opt/rustwide/workdir" "-e" "CARGO_TARGET_DIR=/opt/rustwide/target" "-e" "CARGO_INCREMENTAL=0" "-e" "RUST_BACKTRACE=full" "-e" "RUSTFLAGS=--cap-lints=forbid" "-e" "CARGO_HOME=/opt/rustwide/cargo-home" "-e" "RUSTUP_HOME=/opt/rustwide/rustup-home" "-w" "/opt/rustwide/workdir" "-m" "1610612736" "--user" "0:0" "--network" "none" "rustops/crates-build-env@sha256:d92eaeed33fa75130ca1ee6c8a01d1ffb62bac859dfdfb3450e3e5d1c0146529" "/opt/rustwide/cargo-home/bin/cargo" "+af3c6e733a40e671550e0f0f5aeecaa13772ba56" "check" "--frozen" "--all" "--all-targets" "--message-format=json", kill_on_drop: false }`
[INFO] [stdout] 79c78173ff0f2ce714a7d56694a6b161748fd0bc2e12ef4e77fb3d24e403cb2c
[INFO] [stderr] WARNING: Your kernel does not support swap limit capabilities or the cgroup is not mounted. Memory limited without swap.
[INFO] running `Command { std: "docker" "start" "-a" "79c78173ff0f2ce714a7d56694a6b161748fd0bc2e12ef4e77fb3d24e403cb2c", kill_on_drop: false }`
[INFO] [stderr]    Compiling proc-macro2 v1.0.18
[INFO] [stderr]    Compiling syn v1.0.34
[INFO] [stderr]    Compiling version_check v0.9.2
[INFO] [stderr]    Compiling libc v0.2.72
[INFO] [stderr]     Checking cfg-if v0.1.10
[INFO] [stderr]    Compiling proc-macro-hack v0.5.16
[INFO] [stderr]    Compiling pin-project-internal v0.4.22
[INFO] [stderr]    Compiling memchr v2.3.3
[INFO] [stderr]     Checking slab v0.4.2
[INFO] [stderr]    Compiling proc-macro-nested v0.1.6
[INFO] [stderr]     Checking once_cell v1.4.0
[INFO] [stderr]    Compiling winapi v0.3.9
[INFO] [stderr]     Checking futures-core v0.3.5
[INFO] [stderr]     Checking pin-utils v0.1.0
[INFO] [stderr]     Checking lazy_static v1.4.0
[INFO] [stderr]     Checking bytes v0.5.6
[INFO] [stderr]     Checking pin-project-lite v0.1.7
[INFO] [stderr]     Checking widestring v0.4.2
[INFO] [stderr]     Checking futures-task v0.3.5
[INFO] [stderr]     Checking log v0.4.11
[INFO] [stderr]    Compiling standback v0.2.9
[INFO] [stderr]    Compiling time v0.2.16
[INFO] [stderr]    Compiling quote v1.0.7
[INFO] [stderr]     Checking iovec v0.1.4
[INFO] [stderr]     Checking net2 v0.2.34
[INFO] [stderr]     Checking num_cpus v1.13.0
[INFO] [stderr]     Checking mio v0.6.22
[INFO] [stderr]    Compiling time-macros-impl v0.1.1
[INFO] [stderr]    Compiling tokio-macros v0.2.5
[INFO] [stderr]    Compiling futures-macro v0.3.5
[INFO] [stderr]     Checking time-macros v0.1.0
[INFO] [stderr]     Checking tokio v0.2.21
[INFO] [stderr]     Checking pin-project v0.4.22
[INFO] [stderr]     Checking futures-util v0.3.5
[INFO] [stderr]     Checking miniraw v1.0.3 (/opt/rustwide/workdir)
[INFO] [stdout] error[E0433]: failed to resolve: could not find `shared` in `winapi`
[INFO] [stdout]  --> src/main.rs:7:5
[INFO] [stdout]   |
[INFO] [stdout] 7 |     shared::minwindef::{HIWORD, LOWORD},
[INFO] [stdout]   |     ^^^^^^ could not find `shared` in `winapi`
[INFO] [stdout] 
[INFO] [stdout] 
[INFO] [stdout] error[E0433]: failed to resolve: could not find `um` in `winapi`
[INFO] [stdout]  --> src/main.rs:8:5
[INFO] [stdout]   |
[INFO] [stdout] 8 |     um::winuser::*,
[INFO] [stdout]   |     ^^ could not find `um` in `winapi`
[INFO] [stdout] 
[INFO] [stdout] 
[INFO] [stdout] error[E0433]: failed to resolve: could not find `shared` in `winapi`
[INFO] [stdout]   --> src/ui/win32.rs:10:5
[INFO] [stdout]    |
[INFO] [stdout] 10 |     shared::{minwindef::*, windef::*},
[INFO] [stdout]    |     ^^^^^^ could not find `shared` in `winapi`
[INFO] [stdout] 
[INFO] [stdout] 
[INFO] [stdout] error[E0433]: failed to resolve: could not find `um` in `winapi`
[INFO] [stdout]   --> src/ui/win32.rs:11:5
[INFO] [stdout]    |
[INFO] [stdout] 11 |     um::{errhandlingapi::GetLastError, libloaderapi::GetModuleHandleW, wingdi::*, winuser::*},
[INFO] [stdout]    |     ^^ could not find `um` in `winapi`
[INFO] [stdout] 
[INFO] [stdout] 
[INFO] [stdout] error[E0433]: failed to resolve: could not find `shared` in `winapi`
[INFO] [stdout]  --> src/ui/win32/logger.rs:4:5
[INFO] [stdout]   |
[INFO] [stdout] 4 |     shared::{
[INFO] [stdout]   |     ^^^^^^ could not find `shared` in `winapi`
[INFO] [stdout] 
[INFO] [stdout] 
[INFO] [stdout] error[E0433]: failed to resolve: could not find `um` in `winapi`
[INFO] [stdout]  --> src/ui/win32/logger.rs:8:5
[INFO] [stdout]   |
[INFO] [stdout] 8 |     um::winuser::{SendMessageW, WM_GETTEXT, WM_GETTEXTLENGTH, WM_SETTEXT},
[INFO] [stdout]   |     ^^ could not find `um` in `winapi`
[INFO] [stdout] 
[INFO] [stdout] 
[INFO] [stdout] error[E0433]: failed to resolve: could not find `shared` in `winapi`
[INFO] [stdout]  --> src/main.rs:7:5
[INFO] [stdout]   |
[INFO] [stdout] 7 |     shared::minwindef::{HIWORD, LOWORD},
[INFO] [stdout]   |     ^^^^^^ could not find `shared` in `winapi`
[INFO] [stdout] 
[INFO] [stdout] 
[INFO] [stdout] error[E0433]: failed to resolve: could not find `um` in `winapi`
[INFO] [stdout]  --> src/main.rs:8:5
[INFO] [stdout]   |
[INFO] [stdout] 8 |     um::winuser::*,
[INFO] [stdout]   |     ^^ could not find `um` in `winapi`
[INFO] [stdout] 
[INFO] [stdout] 
[INFO] [stdout] error[E0433]: failed to resolve: could not find `shared` in `winapi`
[INFO] [stdout]   --> src/ui/win32.rs:10:5
[INFO] [stdout]    |
[INFO] [stdout] 10 |     shared::{minwindef::*, windef::*},
[INFO] [stdout]    |     ^^^^^^ could not find `shared` in `winapi`
[INFO] [stdout] 
[INFO] [stdout] 
[INFO] [stdout] error[E0433]: failed to resolve: could not find `um` in `winapi`
[INFO] [stdout]   --> src/ui/win32.rs:11:5
[INFO] [stdout]    |
[INFO] [stdout] 11 |     um::{errhandlingapi::GetLastError, libloaderapi::GetModuleHandleW, wingdi::*, winuser::*},
[INFO] [stdout]    |     ^^ could not find `um` in `winapi`
[INFO] [stdout] 
[INFO] [stdout] 
[INFO] [stdout] error[E0433]: failed to resolve: could not find `shared` in `winapi`
[INFO] [stdout]  --> src/ui/win32/logger.rs:4:5
[INFO] [stdout]   |
[INFO] [stdout] 4 |     shared::{
[INFO] [stdout]   |     ^^^^^^ could not find `shared` in `winapi`
[INFO] [stdout] 
[INFO] [stdout] 
[INFO] [stdout] error[E0433]: failed to resolve: could not find `um` in `winapi`
[INFO] [stdout]  --> src/ui/win32/logger.rs:8:5
[INFO] [stdout]   |
[INFO] [stdout] 8 |     um::winuser::{SendMessageW, WM_GETTEXT, WM_GETTEXTLENGTH, WM_SETTEXT},
[INFO] [stdout]   |     ^^ could not find `um` in `winapi`
[INFO] [stdout] 
[INFO] [stdout] 
[INFO] [stdout] error[E0412]: cannot find type `HWND` in this scope
[INFO] [stdout]   --> src/ui/win32/logger.rs:11:25
[INFO] [stdout]    |
[INFO] [stdout] 11 | pub struct WindowLogger(HWND);
[INFO] [stdout]    |                         ^^^^ not found in this scope
[INFO] [stdout] 
[INFO] [stdout] 
[INFO] [stdout] error[E0412]: cannot find type `HWND` in this scope
[INFO] [stdout]   --> src/ui/win32/logger.rs:16:23
[INFO] [stdout]    |
[INFO] [stdout] 16 |     pub fn init(hwnd: HWND, level: LevelFilter) {
[INFO] [stdout]    |                       ^^^^ not found in this scope
[INFO] [stdout] 
[INFO] [stdout] 
[INFO] [stdout] error[E0425]: cannot find function, tuple struct or tuple variant `SendMessageW` in this scope
[INFO] [stdout]   --> src/ui/win32/logger.rs:37:32
[INFO] [stdout]    |
[INFO] [stdout] 37 |                 let text_len = SendMessageW(self.0, WM_GETTEXTLENGTH, 0, 0) as usize;
[INFO] [stdout]    |                                ^^^^^^^^^^^^ not found in this scope
[INFO] [stdout] 
[INFO] [stdout] 
[INFO] [stdout] error[E0425]: cannot find value `WM_GETTEXTLENGTH` in this scope
[INFO] [stdout]   --> src/ui/win32/logger.rs:37:53
[INFO] [stdout]    |
[INFO] [stdout] 37 |                 let text_len = SendMessageW(self.0, WM_GETTEXTLENGTH, 0, 0) as usize;
[INFO] [stdout]    |                                                     ^^^^^^^^^^^^^^^^ not found in this scope
[INFO] [stdout] 
[INFO] [stdout] 
[INFO] [stdout] error[E0425]: cannot find function, tuple struct or tuple variant `SendMessageW` in this scope
[INFO] [stdout]   --> src/ui/win32/logger.rs:40:31
[INFO] [stdout]    |
[INFO] [stdout] 40 |                 let cur_len = SendMessageW(
[INFO] [stdout]    |                               ^^^^^^^^^^^^ not found in this scope
[INFO] [stdout] 
[INFO] [stdout] 
[INFO] [stdout] error[E0425]: cannot find value `WM_GETTEXT` in this scope
[INFO] [stdout]   --> src/ui/win32/logger.rs:42:21
[INFO] [stdout]    |
[INFO] [stdout] 42 |                     WM_GETTEXT,
[INFO] [stdout]    |                     ^^^^^^^^^^ not found in this scope
[INFO] [stdout] 
[INFO] [stdout] 
[INFO] [stdout] error[E0412]: cannot find type `WPARAM` in this scope
[INFO] [stdout]   --> src/ui/win32/logger.rs:43:37
[INFO] [stdout]    |
[INFO] [stdout] 43 |                     buffer.len() as WPARAM,
[INFO] [stdout]    |                                     ^^^^^^ not found in this scope
[INFO] [stdout] 
[INFO] [stdout] 
[INFO] [stdout] error[E0412]: cannot find type `LPARAM` in this scope
[INFO] [stdout]   --> src/ui/win32/logger.rs:44:44
[INFO] [stdout]    |
[INFO] [stdout] 44 |                     buffer.as_mut_ptr() as LPARAM,
[INFO] [stdout]    |                                            ^^^^^^ not found in this scope
[INFO] [stdout] 
[INFO] [stdout] 
[INFO] [stdout] error[E0425]: cannot find function, tuple struct or tuple variant `SendMessageW` in this scope
[INFO] [stdout]   --> src/ui/win32/logger.rs:69:21
[INFO] [stdout]    |
[INFO] [stdout] 69 |                     SendMessageW(self.0, WM_SETTEXT, 0, msg.as_ptr() as LPARAM);
[INFO] [stdout]    |                     ^^^^^^^^^^^^ not found in this scope
[INFO] [stdout] 
[INFO] [stdout] 
[INFO] [stdout] error[E0425]: cannot find value `WM_SETTEXT` in this scope
[INFO] [stdout]   --> src/ui/win32/logger.rs:69:42
[INFO] [stdout]    |
[INFO] [stdout] 69 |                     SendMessageW(self.0, WM_SETTEXT, 0, msg.as_ptr() as LPARAM);
[INFO] [stdout]    |                                          ^^^^^^^^^^ not found in this scope
[INFO] [stdout] 
[INFO] [stdout] 
[INFO] [stdout] error[E0412]: cannot find type `LPARAM` in this scope
[INFO] [stdout]   --> src/ui/win32/logger.rs:69:73
[INFO] [stdout]    |
[INFO] [stdout] 69 |                     SendMessageW(self.0, WM_SETTEXT, 0, msg.as_ptr() as LPARAM);
[INFO] [stdout]    |                                                                         ^^^^^^ not found in this scope
[INFO] [stdout] 
[INFO] [stdout] 
[INFO] [stdout] error[E0412]: cannot find type `HWND` in this scope
[INFO] [stdout]   --> src/ui/win32.rs:21:30
[INFO] [stdout]    |
[INFO] [stdout] 21 | pub(crate) type HandleType = HWND;
[INFO] [stdout]    |                              ^^^^ not found in this scope
[INFO] [stdout] 
[INFO] [stdout] 
[INFO] [stdout] error[E0412]: cannot find type `HWND` in this scope
[INFO] [stdout]   --> src/ui/win32.rs:24:11
[INFO] [stdout]    |
[INFO] [stdout] 24 |     hwnd: HWND,
[INFO] [stdout]    |           ^^^^ not found in this scope
[INFO] [stdout] 
[INFO] [stdout] 
[INFO] [stdout] error[E0412]: cannot find type `UINT` in this scope
[INFO] [stdout]   --> src/ui/win32.rs:25:10
[INFO] [stdout]    |
[INFO] [stdout] 25 |     msg: UINT,
[INFO] [stdout]    |          ^^^^ not found in this scope
[INFO] [stdout] 
[INFO] [stdout] 
[INFO] [stdout] error[E0412]: cannot find type `WPARAM` in this scope
[INFO] [stdout]   --> src/ui/win32.rs:26:13
[INFO] [stdout]    |
[INFO] [stdout] 26 |     wparam: WPARAM,
[INFO] [stdout]    |             ^^^^^^ not found in this scope
[INFO] [stdout] 
[INFO] [stdout] 
[INFO] [stdout] error[E0412]: cannot find type `LPARAM` in this scope
[INFO] [stdout]   --> src/ui/win32.rs:27:13
[INFO] [stdout]    |
[INFO] [stdout] 27 |     lparam: LPARAM,
[INFO] [stdout]    |             ^^^^^^ not found in this scope
[INFO] [stdout] 
[INFO] [stdout] 
[INFO] [stdout] error[E0412]: cannot find type `LRESULT` in this scope
[INFO] [stdout]   --> src/ui/win32.rs:28:6
[INFO] [stdout]    |
[INFO] [stdout] 28 | ) -> LRESULT {
[INFO] [stdout]    |      ^^^^^^^ not found in this scope
[INFO] [stdout] 
[INFO] [stdout] 
[INFO] [stdout] error[E0425]: cannot find value `WM_CREATE` in this scope
[INFO] [stdout]   --> src/ui/win32.rs:29:15
[INFO] [stdout]    |
[INFO] [stdout] 29 |     if msg == WM_CREATE {
[INFO] [stdout]    |               ^^^^^^^^^ not found in this scope
[INFO] [stdout] 
[INFO] [stdout] 
[INFO] [stdout] error[E0412]: cannot find type `CREATESTRUCTW` in this scope
[INFO] [stdout]   --> src/ui/win32.rs:30:35
[INFO] [stdout]    |
[INFO] [stdout] 30 |         let cs = lparam as *const CREATESTRUCTW;
[INFO] [stdout]    |                                   ^^^^^^^^^^^^^ not found in this scope
[INFO] [stdout] 
[INFO] [stdout] 
[INFO] [stdout] error[E0425]: cannot find function, tuple struct or tuple variant `SetWindowLongPtrW` in this scope
[INFO] [stdout]   --> src/ui/win32.rs:35:9
[INFO] [stdout]    |
[INFO] [stdout] 35 |         SetWindowLongPtrW(hwnd, GWL_USERDATA, proxy as isize);
[INFO] [stdout]    |         ^^^^^^^^^^^^^^^^^ not found in this scope
[INFO] [stdout] 
[INFO] [stdout] 
[INFO] [stdout] error[E0425]: cannot find value `GWL_USERDATA` in this scope
[INFO] [stdout]   --> src/ui/win32.rs:35:33
[INFO] [stdout]    |
[INFO] [stdout] 35 |         SetWindowLongPtrW(hwnd, GWL_USERDATA, proxy as isize);
[INFO] [stdout]    |                                 ^^^^^^^^^^^^ not found in this scope
[INFO] [stdout] 
[INFO] [stdout] 
[INFO] [stdout] error[E0425]: cannot find function, tuple struct or tuple variant `GetWindowLongPtrW` in this scope
[INFO] [stdout]   --> src/ui/win32.rs:38:20
[INFO] [stdout]    |
[INFO] [stdout] 38 |         let data = GetWindowLongPtrW(hwnd, GWL_USERDATA);
[INFO] [stdout]    |                    ^^^^^^^^^^^^^^^^^ not found in this scope
[INFO] [stdout] 
[INFO] [stdout] 
[INFO] [stdout] error[E0425]: cannot find value `GWL_USERDATA` in this scope
[INFO] [stdout]   --> src/ui/win32.rs:38:44
[INFO] [stdout]    |
[INFO] [stdout] 38 |         let data = GetWindowLongPtrW(hwnd, GWL_USERDATA);
[INFO] [stdout]    |                                            ^^^^^^^^^^^^ not found in this scope
[INFO] [stdout] 
[INFO] [stdout] 
[INFO] [stdout] error[E0425]: cannot find function, tuple struct or tuple variant `DefWindowProcW` in this scope
[INFO] [stdout]   --> src/ui/win32.rs:43:13
[INFO] [stdout]    |
[INFO] [stdout] 43 |             DefWindowProcW(hwnd, msg, wparam, lparam)
[INFO] [stdout]    |             ^^^^^^^^^^^^^^ not found in this scope
[INFO] [stdout] 
[INFO] [stdout] 
[INFO] [stdout] error[E0412]: cannot find type `HWND` in this scope
[INFO] [stdout]   --> src/ui/win32.rs:49:11
[INFO] [stdout]    |
[INFO] [stdout] 49 |     hwnd: HWND,
[INFO] [stdout]    |           ^^^^ not found in this scope
[INFO] [stdout] 
[INFO] [stdout] 
[INFO] [stdout] error[E0425]: cannot find function, tuple struct or tuple variant `GetModuleHandleW` in this scope
[INFO] [stdout]   --> src/ui/win32.rs:80:29
[INFO] [stdout]    |
[INFO] [stdout] 80 |             let hinstance = GetModuleHandleW(ptr::null_mut());
[INFO] [stdout]    |                             ^^^^^^^^^^^^^^^^ not found in this scope
[INFO] [stdout] 
[INFO] [stdout] 
[INFO] [stdout] error[E0425]: cannot find value `WS_OVERLAPPEDWINDOW` in this scope
[INFO] [stdout]   --> src/ui/win32.rs:82:17
[INFO] [stdout]    |
[INFO] [stdout] 82 |                 WS_OVERLAPPEDWINDOW
[INFO] [stdout]    |                 ^^^^^^^^^^^^^^^^^^^ not found in this scope
[INFO] [stdout] 
[INFO] [stdout] 
[INFO] [stdout] error[E0422]: cannot find struct, variant or union type `WNDCLASSW` in this scope
[INFO] [stdout]   --> src/ui/win32.rs:90:37
[INFO] [stdout]    |
[INFO] [stdout] 90 |                     let wnd_class = WNDCLASSW {
[INFO] [stdout]    |                                     ^^^^^^^^^ not found in this scope
[INFO] [stdout] 
[INFO] [stdout] 
[INFO] [stdout] error[E0425]: cannot find value `CS_OWNDC` in this scope
[INFO] [stdout]   --> src/ui/win32.rs:91:32
[INFO] [stdout]    |
[INFO] [stdout] 91 |                         style: CS_OWNDC | CS_HREDRAW | CS_VREDRAW,
[INFO] [stdout]    |                                ^^^^^^^^ not found in this scope
[INFO] [stdout] 
[INFO] [stdout] 
[INFO] [stdout] error[E0425]: cannot find value `CS_HREDRAW` in this scope
[INFO] [stdout]   --> src/ui/win32.rs:91:43
[INFO] [stdout]    |
[INFO] [stdout] 91 |                         style: CS_OWNDC | CS_HREDRAW | CS_VREDRAW,
[INFO] [stdout]    |                                           ^^^^^^^^^^ not found in this scope
[INFO] [stdout] 
[INFO] [stdout] 
[INFO] [stdout] error[E0425]: cannot find value `CS_VREDRAW` in this scope
[INFO] [stdout]   --> src/ui/win32.rs:91:56
[INFO] [stdout]    |
[INFO] [stdout] 91 |                         style: CS_OWNDC | CS_HREDRAW | CS_VREDRAW,
[INFO] [stdout]    |                                                        ^^^^^^^^^^ not found in this scope
[INFO] [stdout] 
[INFO] [stdout] 
[INFO] [stdout] error[E0425]: cannot find function, tuple struct or tuple variant `LoadIconW` in this scope
[INFO] [stdout]   --> src/ui/win32.rs:97:32
[INFO] [stdout]    |
[INFO] [stdout] 97 |                         hIcon: LoadIconW(ptr::null_mut(), IDI_APPLICATION),
[INFO] [stdout]    |                                ^^^^^^^^^ not found in this scope
[INFO] [stdout] 
[INFO] [stdout] 
[INFO] [stdout] error[E0425]: cannot find value `IDI_APPLICATION` in this scope
[INFO] [stdout]   --> src/ui/win32.rs:97:59
[INFO] [stdout]    |
[INFO] [stdout] 97 |                         hIcon: LoadIconW(ptr::null_mut(), IDI_APPLICATION),
[INFO] [stdout]    |                                                           ^^^^^^^^^^^^^^^ not found in this scope
[INFO] [stdout] 
[INFO] [stdout] 
[INFO] [stdout] error[E0425]: cannot find function, tuple struct or tuple variant `LoadCursorW` in this scope
[INFO] [stdout]   --> src/ui/win32.rs:98:34
[INFO] [stdout]    |
[INFO] [stdout] 98 |                         hCursor: LoadCursorW(ptr::null_mut(), IDC_ARROW),
[INFO] [stdout]    |                                  ^^^^^^^^^^^ not found in this scope
[INFO] [stdout] 
[INFO] [stdout] 
[INFO] [stdout] error[E0425]: cannot find value `IDC_ARROW` in this scope
[INFO] [stdout]   --> src/ui/win32.rs:98:63
[INFO] [stdout]    |
[INFO] [stdout] 98 |                         hCursor: LoadCursorW(ptr::null_mut(), IDC_ARROW),
[INFO] [stdout]    |                                                               ^^^^^^^^^ not found in this scope
[INFO] [stdout] 
[INFO] [stdout] 
[INFO] [stdout] error[E0425]: cannot find value `COLOR_WINDOW` in this scope
[INFO] [stdout]   --> src/ui/win32.rs:99:40
[INFO] [stdout]    |
[INFO] [stdout] 99 |                         hbrBackground: COLOR_WINDOW as HBRUSH,
[INFO] [stdout]    |                                        ^^^^^^^^^^^^ not found in this scope
[INFO] [stdout] 
[INFO] [stdout] 
[INFO] [stdout] error[E0412]: cannot find type `HBRUSH` in this scope
[INFO] [stdout]   --> src/ui/win32.rs:99:56
[INFO] [stdout]    |
[INFO] [stdout] 99 |                         hbrBackground: COLOR_WINDOW as HBRUSH,
[INFO] [stdout]    |                                                        ^^^^^^ not found in this scope
[INFO] [stdout] 
[INFO] [stdout] 
[INFO] [stdout] error[E0425]: cannot find function, tuple struct or tuple variant `RegisterClassW` in this scope
[INFO] [stdout]    --> src/ui/win32.rs:103:21
[INFO] [stdout]     |
[INFO] [stdout] 103 |                     RegisterClassW(&wnd_class);
[INFO] [stdout]     |                     ^^^^^^^^^^^^^^ not found in this scope
[INFO] [stdout] 
[INFO] [stdout] 
[INFO] [stdout] error[E0425]: cannot find value `CW_USEDEFAULT` in this scope
[INFO] [stdout]    --> src/ui/win32.rs:117:68
[INFO] [stdout]     |
[INFO] [stdout] 117 |             let (x, y, width, height) = builder.geometry.unwrap_or(CW_USEDEFAULT);
[INFO] [stdout]     |                                                                    ^^^^^^^^^^^^^ not found in this scope
[INFO] [stdout] 
[INFO] [stdout] 
[INFO] [stdout] error[E0425]: cannot find function, tuple struct or tuple variant `CreateWindowExW` in this scope
[INFO] [stdout]    --> src/ui/win32.rs:119:25
[INFO] [stdout]     |
[INFO] [stdout] 119 |             self.hwnd = CreateWindowExW(
[INFO] [stdout]     |                         ^^^^^^^^^^^^^^^ not found in this scope
[INFO] [stdout] 
[INFO] [stdout] 
[INFO] [stdout] error[E0412]: cannot find type `LPVOID` in this scope
[INFO] [stdout]    --> src/ui/win32.rs:131:42
[INFO] [stdout]     |
[INFO] [stdout] 131 |                 self as *mut WinProxy as LPVOID,
[INFO] [stdout]     |                                          ^^^^^^ not found in this scope
[INFO] [stdout] 
[INFO] [stdout] 
[INFO] [stdout] error[E0425]: cannot find function, tuple struct or tuple variant `GetLastError` in this scope
[INFO] [stdout]    --> src/ui/win32.rs:135:29
[INFO] [stdout]     |
[INFO] [stdout] 135 |                 let error = GetLastError();
[INFO] [stdout]     |                             ^^^^^^^^^^^^ not found in this scope
[INFO] [stdout] 
[INFO] [stdout] 
[INFO] [stdout] error[E0425]: cannot find function, tuple struct or tuple variant `CreateFontW` in this scope
[INFO] [stdout]    --> src/ui/win32.rs:142:33
[INFO] [stdout]     |
[INFO] [stdout] 142 |                     let hfont = CreateFontW(
[INFO] [stdout]     |                                 ^^^^^^^^^^^ not found in this scope
[INFO] [stdout] 
[INFO] [stdout] 
[INFO] [stdout] error[E0425]: cannot find value `FW_BOLD` in this scope
[INFO] [stdout]    --> src/ui/win32.rs:147:40
[INFO] [stdout]     |
[INFO] [stdout] 147 |                         if font.bold { FW_BOLD } else { FW_NORMAL },
[INFO] [stdout]     |                                        ^^^^^^^ not found in this scope
[INFO] [stdout] 
[INFO] [stdout] 
[INFO] [stdout] error[E0425]: cannot find value `FW_NORMAL` in this scope
[INFO] [stdout]    --> src/ui/win32.rs:147:57
[INFO] [stdout]     |
[INFO] [stdout] 147 |                         if font.bold { FW_BOLD } else { FW_NORMAL },
[INFO] [stdout]     |                                                         ^^^^^^^^^ not found in this scope
[INFO] [stdout] 
[INFO] [stdout] 
[INFO] [stdout] error[E0425]: cannot find value `DEFAULT_CHARSET` in this scope
[INFO] [stdout]    --> src/ui/win32.rs:151:25
[INFO] [stdout]     |
[INFO] [stdout] 151 |                         DEFAULT_CHARSET,
[INFO] [stdout]     |                         ^^^^^^^^^^^^^^^ not found in this scope
[INFO] [stdout] 
[INFO] [stdout] 
[INFO] [stdout] error[E0425]: cannot find value `DEFAULT_QUALITY` in this scope
[INFO] [stdout]    --> src/ui/win32.rs:154:25
[INFO] [stdout]     |
[INFO] [stdout] 154 |                         DEFAULT_QUALITY,
[INFO] [stdout]     |                         ^^^^^^^^^^^^^^^ not found in this scope
[INFO] [stdout] 
[INFO] [stdout] 
[INFO] [stdout] error[E0425]: cannot find value `DEFAULT_PITCH` in this scope
[INFO] [stdout]    --> src/ui/win32.rs:155:25
[INFO] [stdout]     |
[INFO] [stdout] 155 |                         DEFAULT_PITCH,
[INFO] [stdout]     |                         ^^^^^^^^^^^^^ not found in this scope
[INFO] [stdout] 
[INFO] [stdout] 
[INFO] [stdout] error[E0425]: cannot find value `WM_SETFONT` in this scope
[INFO] [stdout]    --> src/ui/win32.rs:159:43
[INFO] [stdout]     |
[INFO] [stdout] 159 |                         self.send_message(WM_SETFONT, hfont as usize, 1);
[INFO] [stdout]     |                                           ^^^^^^^^^^ not found in this scope
[INFO] [stdout] 
[INFO] [stdout] 
[INFO] [stdout] error[E0425]: cannot find function, tuple struct or tuple variant `ShowWindow` in this scope
[INFO] [stdout]    --> src/ui/win32.rs:163:17
[INFO] [stdout]     |
[INFO] [stdout] 163 |                 ShowWindow(self.hwnd, SW_SHOW);
[INFO] [stdout]     |                 ^^^^^^^^^^ not found in this scope
[INFO] [stdout] 
[INFO] [stdout] 
[INFO] [stdout] error[E0425]: cannot find value `SW_SHOW` in this scope
[INFO] [stdout]    --> src/ui/win32.rs:163:39
[INFO] [stdout]     |
[INFO] [stdout] 163 |                 ShowWindow(self.hwnd, SW_SHOW);
[INFO] [stdout]     |                                       ^^^^^^^ not found in this scope
[INFO] [stdout] 
[INFO] [stdout] 
[INFO] [stdout] error[E0425]: cannot find function, tuple struct or tuple variant `UpdateWindow` in this scope
[INFO] [stdout]    --> src/ui/win32.rs:164:17
[INFO] [stdout]     |
[INFO] [stdout] 164 |                 UpdateWindow(self.hwnd);
[INFO] [stdout]     |                 ^^^^^^^^^^^^ not found in this scope
[INFO] [stdout] 
[INFO] [stdout] 
[INFO] [stdout] error[E0425]: cannot find function, tuple struct or tuple variant `DestroyWindow` in this scope
[INFO] [stdout]    --> src/ui/win32.rs:173:17
[INFO] [stdout]     |
[INFO] [stdout] 173 |                 DestroyWindow(self.hwnd);
[INFO] [stdout]     |                 ^^^^^^^^^^^^^ not found in this scope
[INFO] [stdout] 
[INFO] [stdout] 
[INFO] [stdout] error[E0425]: cannot find value `CW_USEDEFAULT` in this scope
[INFO] [stdout]    --> src/ui/win32.rs:181:60
[INFO] [stdout]     |
[INFO] [stdout] 181 |             let (x, y, width, height) = geometry.unwrap_or(CW_USEDEFAULT);
[INFO] [stdout]     |                                                            ^^^^^^^^^^^^^ not found in this scope
[INFO] [stdout] 
[INFO] [stdout] 
[INFO] [stdout] error[E0425]: cannot find function, tuple struct or tuple variant `MoveWindow` in this scope
[INFO] [stdout]    --> src/ui/win32.rs:182:13
[INFO] [stdout]     |
[INFO] [stdout] 182 |             MoveWindow(self.hwnd, x, y, width, height, TRUE);
[INFO] [stdout]     |             ^^^^^^^^^^ not found in this scope
[INFO] [stdout] 
[INFO] [stdout] 
[INFO] [stdout] error[E0425]: cannot find value `TRUE` in this scope
[INFO] [stdout]    --> src/ui/win32.rs:182:56
[INFO] [stdout]     |
[INFO] [stdout] 182 |             MoveWindow(self.hwnd, x, y, width, height, TRUE);
[INFO] [stdout]     |                                                        ^^^^ not found in this scope
[INFO] [stdout] 
[INFO] [stdout] 
[INFO] [stdout] error[E0425]: cannot find function, tuple struct or tuple variant `SendMessageW` in this scope
[INFO] [stdout]    --> src/ui/win32.rs:186:18
[INFO] [stdout]     |
[INFO] [stdout] 186 |         unsafe { SendMessageW(self.hwnd, msg, wparam, lparam) }
[INFO] [stdout]     |                  ^^^^^^^^^^^^ not found in this scope
[INFO] [stdout] 
[INFO] [stdout] 
[INFO] [stdout] error[E0425]: cannot find function, tuple struct or tuple variant `DefWindowProcW` in this scope
[INFO] [stdout]    --> src/ui/win32.rs:200:48
[INFO] [stdout]     |
[INFO] [stdout] 200 |             MessageResult::Ignored => unsafe { DefWindowProcW(self.hwnd, msg, wparam, lparam) },
[INFO] [stdout]     |                                                ^^^^^^^^^^^^^^ not found in this scope
[INFO] [stdout] 
[INFO] [stdout] 
[INFO] [stdout] error[E0412]: cannot find type `MSG` in this scope
[INFO] [stdout]    --> src/ui/win32.rs:215:30
[INFO] [stdout]     |
[INFO] [stdout] 215 |             let mut message: MSG = mem::zeroed();
[INFO] [stdout]     |                              ^^^ not found in this scope
[INFO] [stdout] 
[INFO] [stdout] 
[INFO] [stdout] error[E0425]: cannot find function, tuple struct or tuple variant `GetMessageW` in this scope
[INFO] [stdout]    --> src/ui/win32.rs:217:19
[INFO] [stdout]     |
[INFO] [stdout] 217 |             while GetMessageW(&mut message as *mut MSG, ptr::null_mut(), 0, 0) > 0 {
[INFO] [stdout]     |                   ^^^^^^^^^^^ not found in this scope
[INFO] [stdout] 
[INFO] [stdout] 
[INFO] [stdout] error[E0412]: cannot find type `MSG` in this scope
[INFO] [stdout]    --> src/ui/win32.rs:217:52
[INFO] [stdout]     |
[INFO] [stdout] 217 |             while GetMessageW(&mut message as *mut MSG, ptr::null_mut(), 0, 0) > 0 {
[INFO] [stdout]     |                                                    ^^^ not found in this scope
[INFO] [stdout] 
[INFO] [stdout] 
[INFO] [stdout] error[E0425]: cannot find function, tuple struct or tuple variant `TranslateMessage` in this scope
[INFO] [stdout]    --> src/ui/win32.rs:218:17
[INFO] [stdout]     |
[INFO] [stdout] 218 |                 TranslateMessage(&message as *const MSG);
[INFO] [stdout]     |                 ^^^^^^^^^^^^^^^^ not found in this scope
[INFO] [stdout] 
[INFO] [stdout] 
[INFO] [stdout] error[E0412]: cannot find type `MSG` in this scope
[INFO] [stdout]    --> src/ui/win32.rs:218:53
[INFO] [stdout]     |
[INFO] [stdout] 218 |                 TranslateMessage(&message as *const MSG);
[INFO] [stdout]     |                                                     ^^^ not found in this scope
[INFO] [stdout] 
[INFO] [stdout] 
[INFO] [stdout] error[E0425]: cannot find function, tuple struct or tuple variant `DispatchMessageW` in this scope
[INFO] [stdout]    --> src/ui/win32.rs:219:17
[INFO] [stdout]     |
[INFO] [stdout] 219 |                 DispatchMessageW(&message as *const MSG);
[INFO] [stdout]     |                 ^^^^^^^^^^^^^^^^ not found in this scope
[INFO] [stdout] 
[INFO] [stdout] 
[INFO] [stdout] error[E0412]: cannot find type `MSG` in this scope
[INFO] [stdout]    --> src/ui/win32.rs:219:53
[INFO] [stdout]     |
[INFO] [stdout] 219 |                 DispatchMessageW(&message as *const MSG);
[INFO] [stdout]     |                                                     ^^^ not found in this scope
[INFO] [stdout] 
[INFO] [stdout] 
[INFO] [stdout] error[E0425]: cannot find function, tuple struct or tuple variant `PostQuitMessage` in this scope
[INFO] [stdout]    --> src/ui/win32.rs:226:13
[INFO] [stdout]     |
[INFO] [stdout] 226 |             PostQuitMessage(0);
[INFO] [stdout]     |             ^^^^^^^^^^^^^^^ not found in this scope
[INFO] [stdout] 
[INFO] [stdout] 
[INFO] [stdout] error[E0425]: cannot find value `WS_CHILD` in this scope
[INFO] [stdout]   --> src/main.rs:52:34
[INFO] [stdout]    |
[INFO] [stdout] 52 |                 let edit_style = WS_CHILD
[INFO] [stdout]    |                                  ^^^^^^^^ not found in this scope
[INFO] [stdout] 
[INFO] [stdout] 
[INFO] [stdout] error[E0425]: cannot find value `WS_VISIBLE` in this scope
[INFO] [stdout]   --> src/main.rs:53:23
[INFO] [stdout]    |
[INFO] [stdout] 53 |                     | WS_VISIBLE
[INFO] [stdout]    |                       ^^^^^^^^^^ not found in this scope
[INFO] [stdout] 
[INFO] [stdout] 
[INFO] [stdout] error[E0425]: cannot find value `WS_VSCROLL` in this scope
[INFO] [stdout]   --> src/main.rs:54:23
[INFO] [stdout]    |
[INFO] [stdout] 54 |                     | WS_VSCROLL
[INFO] [stdout]    |                       ^^^^^^^^^^ not found in this scope
[INFO] [stdout] 
[INFO] [stdout] 
[INFO] [stdout] error[E0425]: cannot find value `ES_LEFT` in this scope
[INFO] [stdout]   --> src/main.rs:55:23
[INFO] [stdout]    |
[INFO] [stdout] 55 |                     | ES_LEFT
[INFO] [stdout]    |                       ^^^^^^^ not found in this scope
[INFO] [stdout] 
[INFO] [stdout] 
[INFO] [stdout] error[E0425]: cannot find value `ES_MULTILINE` in this scope
[INFO] [stdout]   --> src/main.rs:56:23
[INFO] [stdout]    |
[INFO] [stdout] 56 |                     | ES_MULTILINE
[INFO] [stdout]    |                       ^^^^^^^^^^^^ not found in this scope
[INFO] [stdout] 
[INFO] [stdout] 
[INFO] [stdout] error[E0425]: cannot find value `ES_AUTOVSCROLL` in this scope
[INFO] [stdout]   --> src/main.rs:57:23
[INFO] [stdout]    |
[INFO] [stdout] 57 |                     | ES_AUTOVSCROLL
[INFO] [stdout]    |                       ^^^^^^^^^^^^^^ not found in this scope
[INFO] [stdout] 
[INFO] [stdout] 
[INFO] [stdout] error[E0425]: cannot find value `ES_READONLY` in this scope
[INFO] [stdout]   --> src/main.rs:58:23
[INFO] [stdout]    |
[INFO] [stdout] 58 |                     | ES_READONLY;
[INFO] [stdout]    |                       ^^^^^^^^^^^ not found in this scope
[INFO] [stdout] 
[INFO] [stdout] 
[INFO] [stdout] error[E0425]: cannot find value `WS_EX_CLIENTEDGE` in this scope
[INFO] [stdout]   --> src/main.rs:64:37
[INFO] [stdout]    |
[INFO] [stdout] 64 |                     .extended_style(WS_EX_CLIENTEDGE)
[INFO] [stdout]    |                                     ^^^^^^^^^^^^^^^^ not found in this scope
[INFO] [stdout] 
[INFO] [stdout] 
[INFO] [stdout] error[E0425]: cannot find function, tuple struct or tuple variant `LOWORD` in this scope
[INFO] [stdout]   --> src/main.rs:88:33
[INFO] [stdout]    |
[INFO] [stdout] 88 |                     width: Some(LOWORD(message.lparam as u32) as i32 - 12),
[INFO] [stdout]    |                                 ^^^^^^ not found in this scope
[INFO] [stdout] 
[INFO] [stdout] 
[INFO] [stdout] error[E0425]: cannot find function, tuple struct or tuple variant `HIWORD` in this scope
[INFO] [stdout]   --> src/main.rs:89:34
[INFO] [stdout]    |
[INFO] [stdout] 89 |                     height: Some(HIWORD(message.lparam as u32) as i32 - 12),
[INFO] [stdout]    |                                  ^^^^^^ not found in this scope
[INFO] [stdout] 
[INFO] [stdout] 
[INFO] [stdout] error[E0412]: cannot find type `HWND` in this scope
[INFO] [stdout]   --> src/ui/win32/logger.rs:11:25
[INFO] [stdout]    |
[INFO] [stdout] 11 | pub struct WindowLogger(HWND);
[INFO] [stdout]    |                         ^^^^ not found in this scope
[INFO] [stdout] 
[INFO] [stdout] 
[INFO] [stdout] error[E0412]: cannot find type `HWND` in this scope
[INFO] [stdout]   --> src/ui/win32/logger.rs:16:23
[INFO] [stdout]    |
[INFO] [stdout] 16 |     pub fn init(hwnd: HWND, level: LevelFilter) {
[INFO] [stdout]    |                       ^^^^ not found in this scope
[INFO] [stdout] 
[INFO] [stdout] 
[INFO] [stdout] error[E0425]: cannot find function, tuple struct or tuple variant `SendMessageW` in this scope
[INFO] [stdout]   --> src/ui/win32/logger.rs:37:32
[INFO] [stdout]    |
[INFO] [stdout] 37 |                 let text_len = SendMessageW(self.0, WM_GETTEXTLENGTH, 0, 0) as usize;
[INFO] [stdout]    |                                ^^^^^^^^^^^^ not found in this scope
[INFO] [stdout] 
[INFO] [stdout] 
[INFO] [stdout] error[E0425]: cannot find value `WM_GETTEXTLENGTH` in this scope
[INFO] [stdout]   --> src/ui/win32/logger.rs:37:53
[INFO] [stdout]    |
[INFO] [stdout] 37 |                 let text_len = SendMessageW(self.0, WM_GETTEXTLENGTH, 0, 0) as usize;
[INFO] [stdout]    |                                                     ^^^^^^^^^^^^^^^^ not found in this scope
[INFO] [stdout] 
[INFO] [stdout] 
[INFO] [stdout] error[E0425]: cannot find function, tuple struct or tuple variant `SendMessageW` in this scope
[INFO] [stdout]   --> src/ui/win32/logger.rs:40:31
[INFO] [stdout]    |
[INFO] [stdout] 40 |                 let cur_len = SendMessageW(
[INFO] [stdout]    |                               ^^^^^^^^^^^^ not found in this scope
[INFO] [stdout] 
[INFO] [stdout] 
[INFO] [stdout] error[E0425]: cannot find value `WM_GETTEXT` in this scope
[INFO] [stdout]   --> src/ui/win32/logger.rs:42:21
[INFO] [stdout]    |
[INFO] [stdout] 42 |                     WM_GETTEXT,
[INFO] [stdout]    |                     ^^^^^^^^^^ not found in this scope
[INFO] [stdout] 
[INFO] [stdout] 
[INFO] [stdout] error[E0412]: cannot find type `WPARAM` in this scope
[INFO] [stdout]   --> src/ui/win32/logger.rs:43:37
[INFO] [stdout]    |
[INFO] [stdout] 43 |                     buffer.len() as WPARAM,
[INFO] [stdout]    |                                     ^^^^^^ not found in this scope
[INFO] [stdout] 
[INFO] [stdout] 
[INFO] [stdout] error[E0412]: cannot find type `LPARAM` in this scope
[INFO] [stdout]   --> src/ui/win32/logger.rs:44:44
[INFO] [stdout]    |
[INFO] [stdout] 44 |                     buffer.as_mut_ptr() as LPARAM,
[INFO] [stdout]    |                                            ^^^^^^ not found in this scope
[INFO] [stdout] 
[INFO] [stdout] 
[INFO] [stdout] error[E0425]: cannot find function, tuple struct or tuple variant `SendMessageW` in this scope
[INFO] [stdout]   --> src/ui/win32/logger.rs:69:21
[INFO] [stdout]    |
[INFO] [stdout] 69 |                     SendMessageW(self.0, WM_SETTEXT, 0, msg.as_ptr() as LPARAM);
[INFO] [stdout]    |                     ^^^^^^^^^^^^ not found in this scope
[INFO] [stdout] 
[INFO] [stdout] 
[INFO] [stdout] error[E0425]: cannot find value `WM_SETTEXT` in this scope
[INFO] [stdout]   --> src/ui/win32/logger.rs:69:42
[INFO] [stdout]    |
[INFO] [stdout] 69 |                     SendMessageW(self.0, WM_SETTEXT, 0, msg.as_ptr() as LPARAM);
[INFO] [stdout]    |                                          ^^^^^^^^^^ not found in this scope
[INFO] [stdout] 
[INFO] [stdout] 
[INFO] [stdout] error[E0412]: cannot find type `LPARAM` in this scope
[INFO] [stdout]   --> src/ui/win32/logger.rs:69:73
[INFO] [stdout]    |
[INFO] [stdout] 69 |                     SendMessageW(self.0, WM_SETTEXT, 0, msg.as_ptr() as LPARAM);
[INFO] [stdout]    |                                                                         ^^^^^^ not found in this scope
[INFO] [stdout] 
[INFO] [stdout] 
[INFO] [stdout] error[E0412]: cannot find type `HWND` in this scope
[INFO] [stdout]   --> src/ui/win32.rs:21:30
[INFO] [stdout]    |
[INFO] [stdout] 21 | pub(crate) type HandleType = HWND;
[INFO] [stdout]    |                              ^^^^ not found in this scope
[INFO] [stdout] 
[INFO] [stdout] 
[INFO] [stdout] error[E0412]: cannot find type `HWND` in this scope
[INFO] [stdout]   --> src/ui/win32.rs:24:11
[INFO] [stdout]    |
[INFO] [stdout] 24 |     hwnd: HWND,
[INFO] [stdout]    |           ^^^^ not found in this scope
[INFO] [stdout] 
[INFO] [stdout] 
[INFO] [stdout] error[E0412]: cannot find type `UINT` in this scope
[INFO] [stdout]   --> src/ui/win32.rs:25:10
[INFO] [stdout]    |
[INFO] [stdout] 25 |     msg: UINT,
[INFO] [stdout]    |          ^^^^ not found in this scope
[INFO] [stdout] 
[INFO] [stdout] 
[INFO] [stdout] error[E0412]: cannot find type `WPARAM` in this scope
[INFO] [stdout]   --> src/ui/win32.rs:26:13
[INFO] [stdout]    |
[INFO] [stdout] 26 |     wparam: WPARAM,
[INFO] [stdout]    |             ^^^^^^ not found in this scope
[INFO] [stdout] 
[INFO] [stdout] 
[INFO] [stdout] error[E0412]: cannot find type `LPARAM` in this scope
[INFO] [stdout]   --> src/ui/win32.rs:27:13
[INFO] [stdout]    |
[INFO] [stdout] 27 |     lparam: LPARAM,
[INFO] [stdout]    |             ^^^^^^ not found in this scope
[INFO] [stdout] 
[INFO] [stdout] 
[INFO] [stdout] error[E0412]: cannot find type `LRESULT` in this scope
[INFO] [stdout]   --> src/ui/win32.rs:28:6
[INFO] [stdout]    |
[INFO] [stdout] 28 | ) -> LRESULT {
[INFO] [stdout]    |      ^^^^^^^ not found in this scope
[INFO] [stdout] 
[INFO] [stdout] 
[INFO] [stdout] error[E0425]: cannot find value `WM_CREATE` in this scope
[INFO] [stdout]   --> src/ui/win32.rs:29:15
[INFO] [stdout]    |
[INFO] [stdout] 29 |     if msg == WM_CREATE {
[INFO] [stdout]    |               ^^^^^^^^^ not found in this scope
[INFO] [stdout] 
[INFO] [stdout] 
[INFO] [stdout] error[E0412]: cannot find type `CREATESTRUCTW` in this scope
[INFO] [stdout]   --> src/ui/win32.rs:30:35
[INFO] [stdout]    |
[INFO] [stdout] 30 |         let cs = lparam as *const CREATESTRUCTW;
[INFO] [stdout]    |                                   ^^^^^^^^^^^^^ not found in this scope
[INFO] [stdout] 
[INFO] [stdout] 
[INFO] [stdout] error[E0425]: cannot find function, tuple struct or tuple variant `SetWindowLongPtrW` in this scope
[INFO] [stdout]   --> src/ui/win32.rs:35:9
[INFO] [stdout]    |
[INFO] [stdout] 35 |         SetWindowLongPtrW(hwnd, GWL_USERDATA, proxy as isize);
[INFO] [stdout]    |         ^^^^^^^^^^^^^^^^^ not found in this scope
[INFO] [stdout] 
[INFO] [stdout] 
[INFO] [stdout] error[E0425]: cannot find value `GWL_USERDATA` in this scope
[INFO] [stdout]   --> src/ui/win32.rs:35:33
[INFO] [stdout]    |
[INFO] [stdout] 35 |         SetWindowLongPtrW(hwnd, GWL_USERDATA, proxy as isize);
[INFO] [stdout]    |                                 ^^^^^^^^^^^^ not found in this scope
[INFO] [stdout] 
[INFO] [stdout] 
[INFO] [stdout] error[E0425]: cannot find function, tuple struct or tuple variant `GetWindowLongPtrW` in this scope
[INFO] [stdout]   --> src/ui/win32.rs:38:20
[INFO] [stdout]    |
[INFO] [stdout] 38 |         let data = GetWindowLongPtrW(hwnd, GWL_USERDATA);
[INFO] [stdout]    |                    ^^^^^^^^^^^^^^^^^ not found in this scope
[INFO] [stdout] 
[INFO] [stdout] 
[INFO] [stdout] error[E0425]: cannot find value `GWL_USERDATA` in this scope
[INFO] [stdout]   --> src/ui/win32.rs:38:44
[INFO] [stdout]    |
[INFO] [stdout] 38 |         let data = GetWindowLongPtrW(hwnd, GWL_USERDATA);
[INFO] [stdout]    |                                            ^^^^^^^^^^^^ not found in this scope
[INFO] [stdout] 
[INFO] [stdout] 
[INFO] [stdout] error[E0425]: cannot find function, tuple struct or tuple variant `DefWindowProcW` in this scope
[INFO] [stdout]   --> src/ui/win32.rs:43:13
[INFO] [stdout]    |
[INFO] [stdout] 43 |             DefWindowProcW(hwnd, msg, wparam, lparam)
[INFO] [stdout]    |             ^^^^^^^^^^^^^^ not found in this scope
[INFO] [stdout] 
[INFO] [stdout] 
[INFO] [stdout] error[E0412]: cannot find type `HWND` in this scope
[INFO] [stdout]   --> src/ui/win32.rs:49:11
[INFO] [stdout]    |
[INFO] [stdout] 49 |     hwnd: HWND,
[INFO] [stdout]    |           ^^^^ not found in this scope
[INFO] [stdout] 
[INFO] [stdout] 
[INFO] [stdout] error[E0425]: cannot find function, tuple struct or tuple variant `GetModuleHandleW` in this scope
[INFO] [stdout]   --> src/ui/win32.rs:80:29
[INFO] [stdout]    |
[INFO] [stdout] 80 |             let hinstance = GetModuleHandleW(ptr::null_mut());
[INFO] [stdout]    |                             ^^^^^^^^^^^^^^^^ not found in this scope
[INFO] [stdout] 
[INFO] [stdout] 
[INFO] [stdout] error[E0425]: cannot find value `WS_OVERLAPPEDWINDOW` in this scope
[INFO] [stdout]   --> src/ui/win32.rs:82:17
[INFO] [stdout]    |
[INFO] [stdout] 82 |                 WS_OVERLAPPEDWINDOW
[INFO] [stdout]    |                 ^^^^^^^^^^^^^^^^^^^ not found in this scope
[INFO] [stdout] 
[INFO] [stdout] 
[INFO] [stdout] error[E0422]: cannot find struct, variant or union type `WNDCLASSW` in this scope
[INFO] [stdout]   --> src/ui/win32.rs:90:37
[INFO] [stdout]    |
[INFO] [stdout] 90 |                     let wnd_class = WNDCLASSW {
[INFO] [stdout]    |                                     ^^^^^^^^^ not found in this scope
[INFO] [stdout] 
[INFO] [stdout] 
[INFO] [stdout] error[E0425]: cannot find value `CS_OWNDC` in this scope
[INFO] [stdout]   --> src/ui/win32.rs:91:32
[INFO] [stdout]    |
[INFO] [stdout] 91 |                         style: CS_OWNDC | CS_HREDRAW | CS_VREDRAW,
[INFO] [stdout]    |                                ^^^^^^^^ not found in this scope
[INFO] [stdout] 
[INFO] [stdout] 
[INFO] [stdout] error[E0425]: cannot find value `CS_HREDRAW` in this scope
[INFO] [stdout]   --> src/ui/win32.rs:91:43
[INFO] [stdout]    |
[INFO] [stdout] 91 |                         style: CS_OWNDC | CS_HREDRAW | CS_VREDRAW,
[INFO] [stdout]    |                                           ^^^^^^^^^^ not found in this scope
[INFO] [stdout] 
[INFO] [stdout] 
[INFO] [stdout] error[E0425]: cannot find value `CS_VREDRAW` in this scope
[INFO] [stdout]   --> src/ui/win32.rs:91:56
[INFO] [stdout]    |
[INFO] [stdout] 91 |                         style: CS_OWNDC | CS_HREDRAW | CS_VREDRAW,
[INFO] [stdout]    |                                                        ^^^^^^^^^^ not found in this scope
[INFO] [stdout] 
[INFO] [stdout] 
[INFO] [stdout] error[E0425]: cannot find function, tuple struct or tuple variant `LoadIconW` in this scope
[INFO] [stdout]   --> src/ui/win32.rs:97:32
[INFO] [stdout]    |
[INFO] [stdout] 97 |                         hIcon: LoadIconW(ptr::null_mut(), IDI_APPLICATION),
[INFO] [stdout]    |                                ^^^^^^^^^ not found in this scope
[INFO] [stdout] 
[INFO] [stdout] 
[INFO] [stdout] error[E0425]: cannot find value `IDI_APPLICATION` in this scope
[INFO] [stdout]   --> src/ui/win32.rs:97:59
[INFO] [stdout]    |
[INFO] [stdout] 97 |                         hIcon: LoadIconW(ptr::null_mut(), IDI_APPLICATION),
[INFO] [stdout]    |                                                           ^^^^^^^^^^^^^^^ not found in this scope
[INFO] [stdout] 
[INFO] [stdout] 
[INFO] [stdout] error[E0425]: cannot find function, tuple struct or tuple variant `LoadCursorW` in this scope
[INFO] [stdout]   --> src/ui/win32.rs:98:34
[INFO] [stdout]    |
[INFO] [stdout] 98 |                         hCursor: LoadCursorW(ptr::null_mut(), IDC_ARROW),
[INFO] [stdout]    |                                  ^^^^^^^^^^^ not found in this scope
[INFO] [stdout] 
[INFO] [stdout] 
[INFO] [stdout] error[E0425]: cannot find value `IDC_ARROW` in this scope
[INFO] [stdout]   --> src/ui/win32.rs:98:63
[INFO] [stdout]    |
[INFO] [stdout] 98 |                         hCursor: LoadCursorW(ptr::null_mut(), IDC_ARROW),
[INFO] [stdout]    |                                                               ^^^^^^^^^ not found in this scope
[INFO] [stdout] 
[INFO] [stdout] 
[INFO] [stdout] error[E0425]: cannot find value `COLOR_WINDOW` in this scope
[INFO] [stdout]   --> src/ui/win32.rs:99:40
[INFO] [stdout]    |
[INFO] [stdout] 99 |                         hbrBackground: COLOR_WINDOW as HBRUSH,
[INFO] [stdout]    |                                        ^^^^^^^^^^^^ not found in this scope
[INFO] [stdout] 
[INFO] [stdout] 
[INFO] [stdout] error[E0412]: cannot find type `HBRUSH` in this scope
[INFO] [stdout]   --> src/ui/win32.rs:99:56
[INFO] [stdout]    |
[INFO] [stdout] 99 |                         hbrBackground: COLOR_WINDOW as HBRUSH,
[INFO] [stdout]    |                                                        ^^^^^^ not found in this scope
[INFO] [stdout] 
[INFO] [stdout] 
[INFO] [stdout] error[E0425]: cannot find function, tuple struct or tuple variant `RegisterClassW` in this scope
[INFO] [stdout]    --> src/ui/win32.rs:103:21
[INFO] [stdout]     |
[INFO] [stdout] 103 |                     RegisterClassW(&wnd_class);
[INFO] [stdout]     |                     ^^^^^^^^^^^^^^ not found in this scope
[INFO] [stdout] 
[INFO] [stdout] 
[INFO] [stdout] error[E0425]: cannot find value `CW_USEDEFAULT` in this scope
[INFO] [stdout]    --> src/ui/win32.rs:117:68
[INFO] [stdout]     |
[INFO] [stdout] 117 |             let (x, y, width, height) = builder.geometry.unwrap_or(CW_USEDEFAULT);
[INFO] [stdout]     |                                                                    ^^^^^^^^^^^^^ not found in this scope
[INFO] [stdout] 
[INFO] [stdout] 
[INFO] [stdout] error[E0425]: cannot find function, tuple struct or tuple variant `CreateWindowExW` in this scope
[INFO] [stdout]    --> src/ui/win32.rs:119:25
[INFO] [stdout]     |
[INFO] [stdout] 119 |             self.hwnd = CreateWindowExW(
[INFO] [stdout]     |                         ^^^^^^^^^^^^^^^ not found in this scope
[INFO] [stdout] 
[INFO] [stdout] 
[INFO] [stdout] error[E0412]: cannot find type `LPVOID` in this scope
[INFO] [stdout]    --> src/ui/win32.rs:131:42
[INFO] [stdout]     |
[INFO] [stdout] 131 |                 self as *mut WinProxy as LPVOID,
[INFO] [stdout]     |                                          ^^^^^^ not found in this scope
[INFO] [stdout] 
[INFO] [stdout] 
[INFO] [stdout] error[E0425]: cannot find function, tuple struct or tuple variant `GetLastError` in this scope
[INFO] [stdout]    --> src/ui/win32.rs:135:29
[INFO] [stdout]     |
[INFO] [stdout] 135 |                 let error = GetLastError();
[INFO] [stdout]     |                             ^^^^^^^^^^^^ not found in this scope
[INFO] [stdout] 
[INFO] [stdout] 
[INFO] [stdout] error[E0425]: cannot find function, tuple struct or tuple variant `CreateFontW` in this scope
[INFO] [stdout]    --> src/ui/win32.rs:142:33
[INFO] [stdout]     |
[INFO] [stdout] 142 |                     let hfont = CreateFontW(
[INFO] [stdout]     |                                 ^^^^^^^^^^^ not found in this scope
[INFO] [stdout] 
[INFO] [stdout] 
[INFO] [stdout] error[E0425]: cannot find value `FW_BOLD` in this scope
[INFO] [stdout]    --> src/ui/win32.rs:147:40
[INFO] [stdout]     |
[INFO] [stdout] 147 |                         if font.bold { FW_BOLD } else { FW_NORMAL },
[INFO] [stdout]     |                                        ^^^^^^^ not found in this scope
[INFO] [stdout] 
[INFO] [stdout] 
[INFO] [stdout] error[E0425]: cannot find value `FW_NORMAL` in this scope
[INFO] [stdout]    --> src/ui/win32.rs:147:57
[INFO] [stdout]     |
[INFO] [stdout] 147 |                         if font.bold { FW_BOLD } else { FW_NORMAL },
[INFO] [stdout]     |                                                         ^^^^^^^^^ not found in this scope
[INFO] [stdout] 
[INFO] [stdout] 
[INFO] [stdout] error[E0425]: cannot find value `DEFAULT_CHARSET` in this scope
[INFO] [stdout]    --> src/ui/win32.rs:151:25
[INFO] [stdout]     |
[INFO] [stdout] 151 |                         DEFAULT_CHARSET,
[INFO] [stdout]     |                         ^^^^^^^^^^^^^^^ not found in this scope
[INFO] [stdout] 
[INFO] [stdout] 
[INFO] [stdout] error[E0425]: cannot find value `DEFAULT_QUALITY` in this scope
[INFO] [stdout]    --> src/ui/win32.rs:154:25
[INFO] [stdout]     |
[INFO] [stdout] 154 |                         DEFAULT_QUALITY,
[INFO] [stdout]     |                         ^^^^^^^^^^^^^^^ not found in this scope
[INFO] [stdout] 
[INFO] [stdout] 
[INFO] [stdout] error[E0425]: cannot find value `DEFAULT_PITCH` in this scope
[INFO] [stdout]    --> src/ui/win32.rs:155:25
[INFO] [stdout]     |
[INFO] [stdout] 155 |                         DEFAULT_PITCH,
[INFO] [stdout]     |                         ^^^^^^^^^^^^^ not found in this scope
[INFO] [stdout] 
[INFO] [stdout] 
[INFO] [stdout] error[E0425]: cannot find value `WM_SETFONT` in this scope
[INFO] [stdout]    --> src/ui/win32.rs:159:43
[INFO] [stdout]     |
[INFO] [stdout] 159 |                         self.send_message(WM_SETFONT, hfont as usize, 1);
[INFO] [stdout]     |                                           ^^^^^^^^^^ not found in this scope
[INFO] [stdout] 
[INFO] [stdout] 
[INFO] [stdout] error[E0425]: cannot find function, tuple struct or tuple variant `ShowWindow` in this scope
[INFO] [stdout]    --> src/ui/win32.rs:163:17
[INFO] [stdout]     |
[INFO] [stdout] 163 |                 ShowWindow(self.hwnd, SW_SHOW);
[INFO] [stdout]     |                 ^^^^^^^^^^ not found in this scope
[INFO] [stdout] 
[INFO] [stdout] 
[INFO] [stdout] error[E0425]: cannot find value `SW_SHOW` in this scope
[INFO] [stdout]    --> src/ui/win32.rs:163:39
[INFO] [stdout]     |
[INFO] [stdout] 163 |                 ShowWindow(self.hwnd, SW_SHOW);
[INFO] [stdout]     |                                       ^^^^^^^ not found in this scope
[INFO] [stdout] 
[INFO] [stdout] 
[INFO] [stdout] error[E0425]: cannot find function, tuple struct or tuple variant `UpdateWindow` in this scope
[INFO] [stdout]    --> src/ui/win32.rs:164:17
[INFO] [stdout]     |
[INFO] [stdout] 164 |                 UpdateWindow(self.hwnd);
[INFO] [stdout]     |                 ^^^^^^^^^^^^ not found in this scope
[INFO] [stdout] 
[INFO] [stdout] 
[INFO] [stdout] error[E0425]: cannot find function, tuple struct or tuple variant `DestroyWindow` in this scope
[INFO] [stdout]    --> src/ui/win32.rs:173:17
[INFO] [stdout]     |
[INFO] [stdout] 173 |                 DestroyWindow(self.hwnd);
[INFO] [stdout]     |                 ^^^^^^^^^^^^^ not found in this scope
[INFO] [stdout] 
[INFO] [stdout] 
[INFO] [stdout] error[E0425]: cannot find value `CW_USEDEFAULT` in this scope
[INFO] [stdout]    --> src/ui/win32.rs:181:60
[INFO] [stdout]     |
[INFO] [stdout] 181 |             let (x, y, width, height) = geometry.unwrap_or(CW_USEDEFAULT);
[INFO] [stdout]     |                                                            ^^^^^^^^^^^^^ not found in this scope
[INFO] [stdout] 
[INFO] [stdout] 
[INFO] [stdout] error[E0425]: cannot find function, tuple struct or tuple variant `MoveWindow` in this scope
[INFO] [stdout]    --> src/ui/win32.rs:182:13
[INFO] [stdout]     |
[INFO] [stdout] 182 |             MoveWindow(self.hwnd, x, y, width, height, TRUE);
[INFO] [stdout]     |             ^^^^^^^^^^ not found in this scope
[INFO] [stdout] 
[INFO] [stdout] 
[INFO] [stdout] error[E0425]: cannot find value `TRUE` in this scope
[INFO] [stdout]    --> src/ui/win32.rs:182:56
[INFO] [stdout]     |
[INFO] [stdout] 182 |             MoveWindow(self.hwnd, x, y, width, height, TRUE);
[INFO] [stdout]     |                                                        ^^^^ not found in this scope
[INFO] [stdout] 
[INFO] [stdout] 
[INFO] [stdout] error[E0425]: cannot find function, tuple struct or tuple variant `SendMessageW` in this scope
[INFO] [stdout]    --> src/ui/win32.rs:186:18
[INFO] [stdout]     |
[INFO] [stdout] 186 |         unsafe { SendMessageW(self.hwnd, msg, wparam, lparam) }
[INFO] [stdout]     |                  ^^^^^^^^^^^^ not found in this scope
[INFO] [stdout] 
[INFO] [stdout] 
[INFO] [stdout] error[E0425]: cannot find function, tuple struct or tuple variant `DefWindowProcW` in this scope
[INFO] [stdout]    --> src/ui/win32.rs:200:48
[INFO] [stdout]     |
[INFO] [stdout] 200 |             MessageResult::Ignored => unsafe { DefWindowProcW(self.hwnd, msg, wparam, lparam) },
[INFO] [stdout]     |                                                ^^^^^^^^^^^^^^ not found in this scope
[INFO] [stdout] 
[INFO] [stdout] 
[INFO] [stdout] error[E0412]: cannot find type `MSG` in this scope
[INFO] [stdout]    --> src/ui/win32.rs:215:30
[INFO] [stdout]     |
[INFO] [stdout] 215 |             let mut message: MSG = mem::zeroed();
[INFO] [stdout]     |                              ^^^ not found in this scope
[INFO] [stdout] 
[INFO] [stdout] 
[INFO] [stdout] error[E0425]: cannot find function, tuple struct or tuple variant `GetMessageW` in this scope
[INFO] [stdout]    --> src/ui/win32.rs:217:19
[INFO] [stdout]     |
[INFO] [stdout] 217 |             while GetMessageW(&mut message as *mut MSG, ptr::null_mut(), 0, 0) > 0 {
[INFO] [stdout]     |                   ^^^^^^^^^^^ not found in this scope
[INFO] [stdout] 
[INFO] [stdout] 
[INFO] [stdout] error[E0412]: cannot find type `MSG` in this scope
[INFO] [stdout]    --> src/ui/win32.rs:217:52
[INFO] [stdout]     |
[INFO] [stdout] 217 |             while GetMessageW(&mut message as *mut MSG, ptr::null_mut(), 0, 0) > 0 {
[INFO] [stdout]     |                                                    ^^^ not found in this scope
[INFO] [stdout] 
[INFO] [stdout] 
[INFO] [stdout] error[E0425]: cannot find function, tuple struct or tuple variant `TranslateMessage` in this scope
[INFO] [stdout]    --> src/ui/win32.rs:218:17
[INFO] [stdout]     |
[INFO] [stdout] 218 |                 TranslateMessage(&message as *const MSG);
[INFO] [stdout]     |                 ^^^^^^^^^^^^^^^^ not found in this scope
[INFO] [stdout] 
[INFO] [stdout] 
[INFO] [stdout] error[E0412]: cannot find type `MSG` in this scope
[INFO] [stdout]    --> src/ui/win32.rs:218:53
[INFO] [stdout]     |
[INFO] [stdout] 218 |                 TranslateMessage(&message as *const MSG);
[INFO] [stdout]     |                                                     ^^^ not found in this scope
[INFO] [stdout] 
[INFO] [stdout] 
[INFO] [stdout] error[E0425]: cannot find function, tuple struct or tuple variant `DispatchMessageW` in this scope
[INFO] [stdout]    --> src/ui/win32.rs:219:17
[INFO] [stdout]     |
[INFO] [stdout] 219 |                 DispatchMessageW(&message as *const MSG);
[INFO] [stdout]     |                 ^^^^^^^^^^^^^^^^ not found in this scope
[INFO] [stdout] 
[INFO] [stdout] 
[INFO] [stdout] error[E0412]: cannot find type `MSG` in this scope
[INFO] [stdout]    --> src/ui/win32.rs:219:53
[INFO] [stdout]     |
[INFO] [stdout] 219 |                 DispatchMessageW(&message as *const MSG);
[INFO] [stdout]     |                                                     ^^^ not found in this scope
[INFO] [stdout] 
[INFO] [stdout] 
[INFO] [stdout] error[E0425]: cannot find function, tuple struct or tuple variant `PostQuitMessage` in this scope
[INFO] [stdout]    --> src/ui/win32.rs:226:13
[INFO] [stdout]     |
[INFO] [stdout] 226 |             PostQuitMessage(0);
[INFO] [stdout]     |             ^^^^^^^^^^^^^^^ not found in this scope
[INFO] [stdout] 
[INFO] [stdout] 
[INFO] [stdout] error[E0425]: cannot find value `WS_CHILD` in this scope
[INFO] [stdout]   --> src/main.rs:52:34
[INFO] [stdout]    |
[INFO] [stdout] 52 |                 let edit_style = WS_CHILD
[INFO] [stdout]    |                                  ^^^^^^^^ not found in this scope
[INFO] [stdout] 
[INFO] [stdout] 
[INFO] [stdout] error[E0425]: cannot find value `WS_VISIBLE` in this scope
[INFO] [stdout]   --> src/main.rs:53:23
[INFO] [stdout]    |
[INFO] [stdout] 53 |                     | WS_VISIBLE
[INFO] [stdout]    |                       ^^^^^^^^^^ not found in this scope
[INFO] [stdout] 
[INFO] [stdout] 
[INFO] [stdout] error[E0425]: cannot find value `WS_VSCROLL` in this scope
[INFO] [stdout]   --> src/main.rs:54:23
[INFO] [stdout]    |
[INFO] [stdout] 54 |                     | WS_VSCROLL
[INFO] [stdout]    |                       ^^^^^^^^^^ not found in this scope
[INFO] [stdout] 
[INFO] [stdout] 
[INFO] [stdout] error[E0425]: cannot find value `ES_LEFT` in this scope
[INFO] [stdout]   --> src/main.rs:55:23
[INFO] [stdout]    |
[INFO] [stdout] 55 |                     | ES_LEFT
[INFO] [stdout]    |                       ^^^^^^^ not found in this scope
[INFO] [stdout] 
[INFO] [stdout] 
[INFO] [stdout] error[E0425]: cannot find value `ES_MULTILINE` in this scope
[INFO] [stdout]   --> src/main.rs:56:23
[INFO] [stdout]    |
[INFO] [stdout] 56 |                     | ES_MULTILINE
[INFO] [stdout]    |                       ^^^^^^^^^^^^ not found in this scope
[INFO] [stdout] 
[INFO] [stdout] 
[INFO] [stdout] error[E0425]: cannot find value `ES_AUTOVSCROLL` in this scope
[INFO] [stdout]   --> src/main.rs:57:23
[INFO] [stdout]    |
[INFO] [stdout] 57 |                     | ES_AUTOVSCROLL
[INFO] [stdout]    |                       ^^^^^^^^^^^^^^ not found in this scope
[INFO] [stdout] 
[INFO] [stdout] 
[INFO] [stdout] error[E0425]: cannot find value `ES_READONLY` in this scope
[INFO] [stdout]   --> src/main.rs:58:23
[INFO] [stdout]    |
[INFO] [stdout] 58 |                     | ES_READONLY;
[INFO] [stdout]    |                       ^^^^^^^^^^^ not found in this scope
[INFO] [stdout] 
[INFO] [stdout] 
[INFO] [stdout] error[E0425]: cannot find value `WS_EX_CLIENTEDGE` in this scope
[INFO] [stdout]   --> src/main.rs:64:37
[INFO] [stdout]    |
[INFO] [stdout] 64 |                     .extended_style(WS_EX_CLIENTEDGE)
[INFO] [stdout]    |                                     ^^^^^^^^^^^^^^^^ not found in this scope
[INFO] [stdout] 
[INFO] [stdout] 
[INFO] [stdout] error[E0425]: cannot find function, tuple struct or tuple variant `LOWORD` in this scope
[INFO] [stdout]   --> src/main.rs:88:33
[INFO] [stdout]    |
[INFO] [stdout] 88 |                     width: Some(LOWORD(message.lparam as u32) as i32 - 12),
[INFO] [stdout]    |                                 ^^^^^^ not found in this scope
[INFO] [stdout] 
[INFO] [stdout] 
[INFO] [stdout] error[E0425]: cannot find function, tuple struct or tuple variant `HIWORD` in this scope
[INFO] [stdout]   --> src/main.rs:89:34
[INFO] [stdout]    |
[INFO] [stdout] 89 |                     height: Some(HIWORD(message.lparam as u32) as i32 - 12),
[INFO] [stdout]    |                                  ^^^^^^ not found in this scope
[INFO] [stdout] 
[INFO] [stdout] 
[INFO] [stdout] error[E0308]: mismatched types
[INFO] [stdout]   --> src/ui/win32/logger.rs:48:66
[INFO] [stdout]    |
[INFO] [stdout] 48 |                     let old_text = WideCStr::from_slice_with_nul(&buffer)
[INFO] [stdout]    |                                                                  ^^^^^^^ expected slice `[u32]`, found struct `Vec`
[INFO] [stdout]    |
[INFO] [stdout]    = note: expected reference `&[u32]`
[INFO] [stdout]               found reference `&Vec<u16>`
[INFO] [stdout] 
[INFO] [stdout] 
[INFO] [stdout] error: aborting due to 83 previous errors
[INFO] [stdout] 
[INFO] [stdout] 
[INFO] [stdout] Some errors have detailed explanations: E0308, E0412, E0422, E0425, E0433.
[INFO] [stdout] 
[INFO] [stdout] For more information about an error, try `rustc --explain E0308`.
[INFO] [stdout] 
[INFO] [stderr] error: could not compile `miniraw`.
[INFO] [stderr] 
[INFO] [stderr] To learn more, run the command again with --verbose.
[INFO] [stderr] warning: build failed, waiting for other jobs to finish...
[INFO] [stdout] error[E0308]: mismatched types
[INFO] [stdout]   --> src/ui/win32/logger.rs:48:66
[INFO] [stdout]    |
[INFO] [stdout] 48 |                     let old_text = WideCStr::from_slice_with_nul(&buffer)
[INFO] [stdout]    |                                                                  ^^^^^^^ expected slice `[u32]`, found struct `Vec`
[INFO] [stdout]    |
[INFO] [stdout]    = note: expected reference `&[u32]`
[INFO] [stdout]               found reference `&Vec<u16>`
[INFO] [stdout] 
[INFO] [stdout] 
[INFO] [stdout] error: aborting due to 83 previous errors
[INFO] [stdout] 
[INFO] [stdout] 
[INFO] [stdout] Some errors have detailed explanations: E0308, E0412, E0422, E0425, E0433.
[INFO] [stdout] 
[INFO] [stdout] For more information about an error, try `rustc --explain E0308`.
[INFO] [stdout] 
[INFO] [stderr] error: build failed
[INFO] running `Command { std: "docker" "inspect" "79c78173ff0f2ce714a7d56694a6b161748fd0bc2e12ef4e77fb3d24e403cb2c", kill_on_drop: false }`
[INFO] running `Command { std: "docker" "rm" "-f" "79c78173ff0f2ce714a7d56694a6b161748fd0bc2e12ef4e77fb3d24e403cb2c", kill_on_drop: false }`
[INFO] [stdout] 79c78173ff0f2ce714a7d56694a6b161748fd0bc2e12ef4e77fb3d24e403cb2c
